tors of t.
5, 37
Let r be (12/(-6))/2 - 3/(-1). Let i(b) be the second derivative of 11*b**3/6 + b**2/2 + b. What are the prime factors of i(r)?
23
Let q(x) = -x. Let h(r) = 5*r + 19. Let m(c) = h(c) + 6*q(c). List the prime factors of m(-16).
5, 7
Suppose -7*w - 36 = -11*w. Let i be (w/(-6))/(15/(-20)). Suppose i*k - 5 - 13 = 0. List the prime factors of k.
3
Suppose 0 = 2*t + x + 5, -1 = 5*t - x - 6. Let y be 2 + -2 - (t + 2). List the prime factors of 6/(-18)*246/y.
41
Let b be 445 - 4/(7 + -3). Suppose -5*f + b = -256. List the prime factors of f.
2, 5, 7
Suppose -k + 3 + 1 = 0. Let f be ((-28)/14)/(k/2). What are the prime factors of (-72)/(-84)*(f - -36)?
2, 3, 5
Let z be (-93)/15 + 4/20. Let l = 2 - z. Suppose -3*j = -j - 4*m - 30, -4*j - 5*m = -l. What are the prime factors of j?
7
Suppose k + 4*m = -72 + 404, m - 1373 = -4*k. List the prime factors of k.
2, 43
Let n(c) = 2*c**3 - 4*c**2 + 4*c - 2. Let z be n(2). Let f = 7 - z. What are the prime factors of 28/(f - (0 + 0))?
2, 7
Let w(t) = -t + 7. Let y be w(3). Suppose -y*a = -8*a + 100. What are the prime factors of a?
5
Let d = -193 - -459. Suppose -4*s + 2*l = -d, -2*s + 0*l = 2*l - 136. List the prime factors of s.
67
What are the prime factors of (-3)/21*1 - (-1674)/7?
239
What are the prime factors of (-788)/(-5)*(-140)/(-56)?
2, 197
Let g = -4 + 7. Let i(r) = 5*r + 3 + 5*r - 2 - 4. List the prime factors of i(g).
3
Let d = -736 + 1367. What are the prime factors of d?
631
Let u be -1*(-1)/(-1) - 0. Let k be (2/(-2))/(-11 - 384/(-36)). Let q = k - u. What are the prime factors of q?
2
Suppose z = -112 + 23. Let r = z + 127. List the prime factors of r.
2, 19
Let y(w) = -5*w + 12. Suppose 30 + 15 = 5*q. Let s = q - 14. What are the prime factors of y(s)?
37
List the prime factors of ((-712)/40 - (-4)/(-1))*-65.
13, 109
Let u(l) = -2 + 10*l - 4 - 3*l**2 + 4*l**2. Let y = -61 - -50. What are the prime factors of u(y)?
5
Suppose 0 = -0*t - 5*t + 5. Suppose -t = 2*j - 9. Suppose -3*l = 2*l + j*p - 235, -l + 47 = -3*p. What are the prime factors of l?
47
Let k(x) = 2*x**3 - 12*x**2 - 22*x + 19. What are the prime factors of k(10)?
599
What are the prime factors of 1 + 1594/6 + 185/(-111)?
5, 53
Let s(k) = 396*k - 48. What are the prime factors of s(4)?
2, 3
Let i(u) = -125*u - 87. What are the prime factors of i(-26)?
3163
Suppose 2*y - 367 = -89. List the prime factors of y.
139
Suppose -d - d - 7402 = -3*v, v = d + 2469. Suppose -h - 10*h + v = 0. List the prime factors of h.
2, 7
Suppose -4*j + 2*j = -4. Suppose -76 = -4*q + w - 4*w, j*q - 2*w - 52 = 0. What are the prime factors of q?
2, 11
What are the prime factors of (22 + 375)*3/3?
397
Let p(l) = -17*l - 4. Let x be p(-5). Let o be (0 - -42) + (-16)/4*-1. Let r = x - o. List the prime factors of r.
5, 7
Let c = -13 - -24. Let x = c - 6. Let z(g) = -g**2 + 8*g + 5. List the prime factors of z(x).
2, 5
Let o(x) = x**3 + x**2 - 3*x + 636. List the prime factors of o(0).
2, 3, 53
Let w(v) be the first derivative of -2*v**2 - 15*v - 11. Let t be w(-7). Suppose 0 = -2*d + t + 59. What are the prime factors of d?
2, 3
Let d be (-2 - -3) + -2 + 5. Let o be 11/(0 - d/12). Let x = -12 - o. What are the prime factors of x?
3, 7
Let r(m) be the third derivative of m**6/120 + 3*m**5/20 - 2*m**4/3 - m**3/2 - 11*m**2. List the prime factors of r(-10).
3, 19
Suppose 16*s - 2712 = 20952. List the prime factors of s.
3, 17, 29
List the prime factors of 25/125*(-610)/8*-52.
13, 61
Let g(w) = 2*w**2 - w - 5. Let l be g(-9). Let m = -9 + 13. Suppose -104 = -m*h - 4*s, -3*s = 5*h - l + 44. What are the prime factors of h?
2, 11
Suppose -5*d + 10 = -0*d. Suppose 3*s = -4*c + 141, -c + 6*s = d*s - 21. What are the prime factors of c?
3, 11
Let y be (-153)/(-21) - (-8)/(-28). Let h(m) = m**2 - 7*m + 5. Let n be h(y). Suppose -5*d = 4*q - 99, -4*d = -n*q - d + 170. List the prime factors of q.
31
What are the prime factors of 18/(((-3)/(-1200))/((-2)/(-15)))?
2, 3, 5
Let y(p) = 758*p**2 + 7*p - 6. Let d be y(1). Suppose 3*k - 3*q = -0*k + 747, 3*k = -3*q + d. List the prime factors of k.
251
Let s(n) = 5*n**2 - 7*n + 6. Let g(r) = -5*r**2 + 7*r - 7. Let l(v) = -4*g(v) - 5*s(v). Let x be l(7). List the prime factors of (-20)/70 + x/(-7).
2, 7
Let v be (-3 + 45/2)/((-3)/(-12)). Let d = v + -51. What are the prime factors of d?
3
Suppose 20 = 4*o, 345 = 2*m - 0*m + 3*o. Suppose -10 = 2*s, -s = 5*f + 2*s - m. Let a = f + -23. List the prime factors of a.
13
Suppose 3*m = 4*m - 250. Suppose -m = 6*b - 11*b. List the prime factors of b.
2, 5
Suppose -3*w = 2*f - 1, 2*w + 4*f + 10 = -0*w. Suppose -w*d + 448 = -d. Let c = d + -147. List the prime factors of c.
7, 11
Let j(m) = m**3 - 4*m**2 + 3. Let p be j(4). Suppose l + 1 = 4*i, 4 = i + p. List the prime factors of -2 + (l - -28) - 0.
29
Let z = 36 - 94. Let t = -35 - z. What are the prime factors of (0 - -3) + t + -2?
2, 3
Let v = 4658 - 2749. What are the prime factors of v?
23, 83
Let s = 65 - 17. Suppose s = 48*u - 45*u. What are the prime factors of u?
2
Suppose 0 = 5*h - 7748 + 1673. What are the prime factors of h?
3, 5
Suppose 66*g = 44*g + 60324. What are the prime factors of g?
2, 3, 457
Let g(j) = -j**2 + 2*j + 35. Let z be g(0). Let q = z + 97. What are the prime factors of q?
2, 3, 11
Let r(v) = -63*v + 97. List the prime factors of r(-9).
2, 83
Suppose 103 = -6*i + 3157. Suppose i = 8*q - 83. What are the prime factors of q?
2, 37
Suppose 12*n - 65 = -185. Suppose 2*b - 1414 - 602 = 0. What are the prime factors of b/30 - 4/n?
2, 17
Suppose 3*w - 3*i - 5 = 2*i, -3 = -w + 2*i. Let z(u) = -u**3 - 6*u**2 - 5*u + 6. Let c be z(w). Suppose -96 = 4*k - c*k. What are the prime factors of k?
2, 3
Suppose 11 = 3*j - 4*y - 30, -3*j + 29 = 2*y. Let x = j - 6. Suppose x*c - 4*n = -0*c + 116, -4*c - n + 97 = 0. List the prime factors of c.
2, 3
Let s = -733 - -1181. List the prime factors of (27/2)/(21/s).
2, 3
Let y = 67 + -65. Suppose 114 = y*s - 2*t, -4*s + 220 = 2*t - 4*t. List the prime factors of s.
53
Let l(p) = -p**3 + 12*p**2 + 4*p - 13. What are the prime factors of l(11)?
2, 19
Let w = -5 + 30. List the prime factors of (-5)/w - 33/(-15).
2
Let w(v) = v**2 + 38*v - 106. What are the prime factors of w(20)?
2, 17, 31
Let o = 63 + -90. Let a(h) = -h**3 - 4*h**2 + 4*h + 10. Let p be a(-4). Let t = p - o. List the prime factors of t.
3, 7
Let w(l) = -4*l**3 + 6*l**2 + 6*l - 2. What are the prime factors of w(-4)?
2, 163
Suppose -y + 21 = 2*y. Let h = y - 6. Let i = 42 + h. List the prime factors of i.
43
Let k = -5 + 14. Suppose -6 = -3*z + 18. Let n = z + k. List the prime factors of n.
17
Suppose -10 + 45 = -5*m. Let i be (0 + -1)*(-11 + 13) + 3. What are the prime factors of i/2*(m + 13)?
3
Let x be ((-29)/3)/((-2)/(-66)). Let j = -224 - x. What are the prime factors of j?
5, 19
What are the prime factors of (-176730)/(-300) - 2/20?
19, 31
Let u = -466 - -836. Let o = u + -243. List the prime factors of o.
127
Suppose -28*c - 5*p - 16280 = -33*c, -2*p - 3259 = -c. What are the prime factors of c?
3253
Let q(l) = -l**2 - 3*l + 7. Let j be q(-4). Let b = 19 + j. What are the prime factors of b?
2, 11
Suppose 5*v + 4*a - 3 = 2, 3*a - 15 = 0. Let p = 9 - v. What are the prime factors of 273/p - 3/(-12)?
23
Suppose -16*w + 439 + 28057 = 0. What are the prime factors of w?
13, 137
Let p = 270 + 118. List the prime factors of p.
2, 97
Let p(o) = -5*o**3 - o**2. Let z(c) = c**3 - 7*c**2 + c - 3. Let i be z(7). Suppose -2*g - 2*g = i. List the prime factors of p(g).
2
Suppose 4*d = -5*c + 2624, -3*d - 1047 = -4*c + 1046. What are the prime factors of c?
2, 131
Suppose -7293 = -2*b - 4*v - 1159, 4*v + 6094 = 2*b. List the prime factors of b.
3, 1019
Suppose -3*v = 4*q + 2*v - 1819, 4*v = -4*q + 1816. List the prime factors of q.
11, 41
Let g(t) = t**3 + 21*t**2 - 7*t + 107. What are the prime factors of g(-20)?
647
List the prime factors of (-25)/((-50)/(-672))*8/(-6).
2, 7
Suppose -t + 4*c = -c - 23, 2*t + 4*c - 4 = 0. Let j(s) = 4*s + 4. Let z(a) = -16*a - 16. Let u(i) = 9*j(i) + 2*z(i). List the prime factors of u(t).
2, 3
Let s(n) = 1130*n**2 + 11*n - 21. What are the prime factors of s(2)?
3, 11, 137
Let c be (-28)/98 - 52/14. List the prime factors of 2 + 4 + c - -46.
2, 3
Suppose 4*p = 20 + 4. 